g(i). Let j = -15 - -12. Give p(j).
-6
Let z(f) be the first derivative of -4*f - 1 - 1/2*f**2. What is z(-5)?
1
Suppose 0 = z - 4. Suppose -z*h = h - 15. Let l(i) = -2*i**2 + 3*i - 2. Calculate l(h).
-11
Let v(a) be the third derivative of a**4/4 - a**3/6 - a**2. Let w be (-1)/4 - (-9)/(-12). Give v(w).
-7
Let r(q) be the second derivative of -q**3/6 - 5*q**2/2 + 8*q. Give r(-5).
0
Let r(y) be the third derivative of -2*y**2 - 1/20*y**5 + 0 + 0*y + 0*y**4 + 1/6*y**3. What is r(1)?
-2
Let g(b) = b**2 + 7*b + 4. Let d be -5*-1*(-24)/20. Calculate g(d).
-2
Suppose 81 = 3*v - 3*q, 7 - 33 = -2*v - 5*q. Suppose -2*a + 3*r = -v, -5*a = -3*r + 8 - 43. Let x(h) = -h**2 + 5*h - 1. What is x(a)?
3
Let q(f) = 13*f**3 + 5*f**2 - 15*f + 4. Let w(b) = -7*b**3 - 3*b**2 + 8*b - 2. Let s be (1 - (-3)/(-1)) + 8. Let h(j) = s*q(j) + 11*w(j). Calculate h(2).
-6
Let h(m) = 4*m**3 - 6*m**2 + 9*m - 10. Let w(s) = s**3 + s - 1. Let c(d) = h(d) - 3*w(d). Give c(5).
-2
Let w = -59 - -53. Let n(m) = -m**3 - 7*m**2 + 6*m + 10. Let c(p) = -p**3 - 8*p**2 + 5*p + 11. Let v(k) = 2*c(k) - 3*n(k). Give v(w).
4
Let y(s) be the first derivative of s**4/4 + 3*s**3 - s + 23. Determine y(-9).
-1
Let x(s) = -s**2 + 3*s + 3. Let d(m) = -m**3 + 5*m**2 - 6*m + 3. Let z be d(4). Let r = z - -10. Determine x(r).
-7
Let j(z) = z - 7. Suppose 0 = -11*b + 47 + 8. What is j(b)?
-2
Let f(i) = 2*i + i**2 - 3 - 1 - 1 + 1 - i**3. Give f(3).
-16
Let t(d) = -d**2 - 6*d - 3. Let y be t(-5). Suppose -l + 5 = -4*v, -3*l + 10 + 5 = 2*v. Let i = l - y. Let j(k) = k**2 - k - 4. Calculate j(i).
2
Suppose -3*x + 6 - 14 = -4*g, 0 = -5*x + 4*g - 8. Let a(u) be the first derivative of 1/3*u**3 + 0*u**2 + 1 - 4*u. What is a(x)?
-4
Let f(c) be the second derivative of c**4/12 - c**3/2 + c**2/2 + 4*c. Give f(3).
1
Let n(t) = -t - 6. Let b be n(-3). Let m = b - -7. Suppose 6*x + 17 = -4*a + x, m*a = 5*x - 7. Let z(g) = g + 2. Determine z(a).
-1
Let t(x) = x**2 + 8*x - 2. Let c(w) = -2*w + 24. Let m be c(16). Determine t(m).
-2
Let c(y) = -2*y + 1. Let f = -12 + 8. Determine c(f).
9
Suppose -w + 5 = 10. Let s(u) be the second derivative of u**4/12 + u**3 + 7*u**2/2 + 8*u. What is s(w)?
2
Suppose -22*f = -31*f - 18. Let m(c) = c**2 + c. Give m(f).
2
Let b(k) be the first derivative of -3*k**2 - 1. Suppose 6 = g - m, 3*g - 2*g = -5*m + 24. Let r = 10 - g. Give b(r).
-6
Let c(o) be the first derivative of -1/12*o**4 - 1/2*o**2 + 0*o + 0*o**3 + 1. Let q(p) be the second derivative of c(p). Determine q(1).
-2
Suppose 0 = n + 2*f - 4, 0 = -2*n - 0*f + 2*f + 8. Let g(r) = 49*r - 48*r + 0 - n. Let d(a) = -4*a + 1. Let b be d(-1). Calculate g(b).
1
Let s(w) = w**3 - 7*w**2 + 3*w - 6. Suppose 2*i - 10 = -0*i + t, 9 = -i + 4*t. Give s(i).
15
Let w be 4 + -3 + 5 - 3. Suppose 52 = w*y - y. Let b(v) = -25*v - 2*v**2 - 2*v**2 - v**2 + y*v. Determine b(-1).
-6
Let p(s) = -28*s**2 + s - 6. Let k(i) = 56*i**2 - 2*i + 11. Let t(d) = 6*k(d) + 11*p(d). Give t(1).
27
Suppose 2*h + 4 = 4*u, u - 4*h = 19 - 4. Let d(w) = -3*w + 5. Let q(k) = -2*k - 1 + 5*k - 5. Let i(j) = -5*d(j) - 4*q(j). Calculate i(u).
-4
Let j(i) = -i + 7. Suppose -2*a + 54 = 5*x, 2*x + 2*a - 3*a - 27 = 0. What is j(x)?
-5
Let h(k) = 1. Let t(b) = -b**2 - 6. Let r(o) = -4*h(o) - t(o). Calculate r(0).
2
Suppose 0 = 8*q - 244 + 84. Let n(u) = 2*u + 25*u**2 - q*u**2 - 1 + 2*u**3 - u**3. Determine n(-4).
7
Suppose -2*z = -5*z - d, 2*z - 4*d = 0. Let g(v) = -v**3 - v**2 - v - 2. Calculate g(z).
-2
Let y(q) = q + 1. Let c be y(-3). Let b(d) be the second derivative of -1/3*d**3 + 0 + d + 1/2*d**2. Calculate b(c).
5
Let d be (-14)/(-8) - (-3)/(-4). Let g(r) = 6*r**3 - r**2 + r - 1. Determine g(d).
5
Let c(t) = t**2 - 3*t - 4*t + 4*t + t**2. Let z be c(2). Let k(u) = -u**2 + 3 - u**3 - 1 - 3*u + 4*u**2. Determine k(z).
0
Let a(p) = -2 - p - 3*p**2 - 5*p + 2*p**2. Let u(s) = 4*s**2 - 1. Let q be u(-1). Let k(w) = -w - 2. Let c be k(q). What is a(c)?
3
Let c(p) be the third derivative of -p**4/12 - 13*p**3/6 + 20*p**2. What is c(-9)?
5
Let p(k) be the first derivative of -k**2 + 4*k - 41. Determine p(4).
-4
Let o(f) be the first derivative of -f**5/60 + 5*f**4/24 - f**3/2 + f**2 - 3. Let p(k) be the second derivative of o(k). Give p(3).
3
Let c(u) be the second derivative of 13*u**4/12 - u**3/6 + 2*u. Give c(-1).
14
Let i(s) = -7 - 4*s + 2*s + 1. Suppose -3*n + 5*y + 6 = -1, -6 = -2*n + 2*y. Suppose -n*j + 4*z - 10 = 2*z, -5*j - z - 30 = 0. Calculate i(j).
4
Let r(z) = z**3 + 4*z**2 - 6. Let n be r(-4). Let l(i) = i**3 + 7*i**2 + 6*i + 3. Determine l(n).
3
Let t be (4/(-6))/((-2)/(-12)). Let z = -6 - t. Let w be z - -1 - (0 + 3). Let c(h) = -h**3 - 5*h**2 - 4*h + 4. What is c(w)?
4
Let m = -5 - -3. Let u(s) = s + 3*s + 1 + 2. Determine u(m).
-5
Let y(p) be the second derivative of -p**8/6720 - p**7/630 - p**6/360 + p**5/120 + p**4/4 - p. Let a(j) be the third derivative of y(j). Give a(-2).
-3
Let s(o) = -4*o + 6. Let h(d) = -d**2 + 6*d + 10. Let n be h(7). Suppose 0 = -3*q + n*w + 27, 25 = -w - 4*w. Calculate s(q).
-10
Let w(r) = -r + 7 - 1 + r + r. What is w(-8)?
-2
Let f(h) = -12*h - 15. Let n(w) = -w - 1. Let a(y) = -f(y) + 15*n(y). Let c be 1 + 1 - (19 + -5). Let r = c - -10. Determine a(r).
6
Let n be (2/1 - (-2 + 3))/1. Let q(k) = 4*k. Determine q(n).
4
Let w(s) be the third derivative of s**6/120 + s**5/10 + s**4/4 + s**3/2 - 18*s**2. Calculate w(-4).
11
Let b(s) = -s**2 + 1. Let v = 6 - 3. Suppose -7 = 2*t - v. Calculate b(t).
-3
Suppose -5*m + 9 = -1. Suppose 12 = m*z + 2*z. Suppose z*d - u + 4*u = -18, 2 = -u. Let t(j) = j**3 + 3*j**2 - 2*j - 2. Determine t(d).
-10
Suppose -t - 3 = 2*r - 2, -7 = -t + 2*r. Let w = 1 + t. Let i(h) = -1 + 2*h - h + 0 - 4. Give i(w).
-1
Let k(u) be the first derivative of -6*u - 1 - 3*u**2 + 1/3*u**3. Give k(6).
-6
Let l(s) = s**2 + 6*s + 1. Let d be 3/2*(-1 - -3). Suppose 0 = -d*n - 15, 41 = -g - 5*n + 11. What is l(g)?
-4
Let b(v) = v**3 + 2*v**2 + 2*v - 2. Suppose 2*a + 6 = -g, -3*g = a - 2*g + 4. Let d = 0 + a. Determine b(d).
-6
Let w(k) be the second derivative of -k**5/20 + k**4/2 - 4*k**3/3 + 3*k**2 + 2*k. Let s(u) = -5*u - 30. Let i be s(-7). Determine w(i).
-9
Suppose 2 = -3*s - 7. Let z = -5 - -3. Let u(i) = -5*i - 4. Let k(x) = -x. Let l(o) = z*k(o) + u(o). What is l(s)?
5
Let g be (20 + 3/3)*-1. Let v be g/(-27) + 2/9. Let y(z) = -6*z**3 + 3*z**2 + 3*z + 4. Let i(x) = -x**3 + x**2 + x + 1. Let o(t) = -3*i(t) + y(t). Give o(v).
-2
Let s(w) be the first derivative of 1/6*w**3 + 1 + 1/20*w**5 - 1/4*w**4 - w + 2*w**2. Let r(h) be the first derivative of s(h). Give r(3).
7
Let i(f) be the second derivative of f**3/6 + 3*f**2/2 - 9*f. Calculate i(-4).
-1
Let k(b) = -3*b + 1 - 3 + 15 - 4. Give k(6).
-9
Let z be (6/4)/(18/12). Let c(o) = -5*o + 4*o + z - 10 - 4. Give c(-8).
-5
Let a(o) = -o - 7. Suppose -2*u = -4 - 4. Let i = u + -9. Calculate a(i).
-2
Let i(z) = 0 - 5 + z - z**2 + 4. Determine i(2).
-3
Let b = -3 - -14. Let c(q) = -q**3 - 4*q - 4. Let d(a) = 3*a**3 + 11*a + 12. Suppose 0 = 2*p - 8. Let n(v) = b*c(v) + p*d(v). Give n(0).
4
Suppose -3*u - 3*o = -6*o, -3*u + 8 = 5*o. Suppose 3*y = -h - 1 - 9, 0 = -2*h - y. Let v(m) = 0*m - m**2 - h*m**3 + m + 0*m**3. Determine v(u).
-2
Let t(r) be the third derivative of r**6/120 - r**5/12 - r**4/24 - r**3/6 + r**2. Suppose -4*d - 40 = -b - 3*b, 3*b = -4*d - 5. Calculate t(b).
-6
Let i(a) = -5*a**2 - 10*a + 6. Let r(w) = -w**2. Let d(v) = i(v) - 6*r(v). Give d(6).
-18
Let f be (60/40)/(6/20). Let x(t) = -3*t**3 + 4*t**2 - 9*t + 7. Let i(s) = -16*s**3 + 19*s**2 - 46*s + 35. Let q(l) = -2*i(l) + 11*x(l). Give q(f).
-3
Let r(c) = -c**2 - 5*c + 2. Let l be r(-3). Let q(t) = -2*t + 10. What is q(l)?
-6
Let c(l) = 3*l**2 - 2*l - 2. Suppose 5*d - 8 - 2 = 0. Suppose 0 = -3*a - d*i + 5, 2*i + 4 = 0. Suppose 7*h - 8 = a*h. Give c(h).
6
Let p(s) be the second derivative of -s**3 - s**2 + 8*s. Give p(3).
-20
Suppose 0 = m + 15 - 12. Let t(n) be the second derivative of -n**3/3 - 2*n**2 - n. Calculate t(m).
2
Suppose p = -31 + 29. Let r(z) = 2*z**2 + 4*z + 2. Calculate r(p).
2
Suppose 0*k = -2*k - 3*p + 4, -2*k = 2*p - 4. Let r(x) = 3*x**3 - x + 2. What is r(k)?
24
Let g(o) = -6*o + 4*o + 3 - o + 4*o. What is g(0)?
3
Let n(b) = -20*b**3 + 37*b**3 - 13*b**3 + b. Suppose 0 = -3*i - 0 + 3. Calc